se 3
1002212
What is c688 (base 14) in base 7?
201531
-8b47 (base 13) to base 6
-230130
137a7 (base 11) to base 16
4c8e
What is -11100 (base 4) in base 13?
-1cb
What is 103ad (base 15) in base 4?
30210013
Convert 1110100 (base 2) to base 10.
116
-10101110001010 (base 2) to base 7
-44332
What is 17827 (base 11) in base 7?
132520
Convert -42305 (base 9) to base 3.
-1102100012
-1356 (base 7) to base 13
-31b
-9286 (base 12) to base 3
-210212110
-6635 (base 10) to base 4
-1213223
-10100001010 (base 2) to base 8
-2412
What is -5208 (base 10) in base 6?
-40040
Convert 143d (base 16) to base 4.
1100331
-4059 (base 14) to base 8
-25457
What is -311133 (base 4) in base 14?
-1367
4515 (base 9) to base 10
3335
abd (base 14) to base 3
2220210
-32003 (base 4) to base 3
-1020022
Convert -40360 (base 9) to base 3.
-1100102000
What is -3120 (base 4) in base 11?
-187
What is 2aa (base 15) in base 11?
505
What is -10011001101000 (base 2) in base 10?
-9832
121023 (base 4) to base 3
2012200
What is -130322 (base 5) in base 3?
-20222102
What is -10202320 (base 4) in base 8?
-44270
-2264 (base 7) to base 5
-11310
23202 (base 5) to base 15
76c
-1557 (base 9) to base 8
-2242
What is 11211022 (base 3) in base 15?
1098
656 (base 13) to base 5
13320
What is 3380 (base 9) in base 11?
1975
1004201 (base 5) to base 2
11111100110000
What is 531 (base 10) in base 16?
213
Convert 1464 (base 15) to base 4.
1010101
Convert 4771 (base 16) to base 14.
6945
What is -1206 (base 10) in base 12?
-846
2207 (base 13) to base 6
33535
Convert 2022020 (base 3) to base 6.
11440
What is -1000001111000001 (base 2) in base 9?
-51236
What is 20810 (base 12) in base 7?
235206
430604 (base 7) to base 16
123e9
Convert -214411 (base 5) to base 11.
-5691
5199 (base 13) to base 5
330110
Convert -4603 (base 9) to base 3.
-11200010
Convert -108e4 (base 16) to base 3.
-10110000120
-1829 (base 13) to base 12
-20a8
-1033 (base 7) to base 9
-447
Convert 548 (base 14) to base 2.
10000010100
What is 2c44 (base 16) in base 14?
41b6
-212413 (base 5) to base 2
-1110001000001
-559 (base 11) to base 12
-479
Convert -11100 (base 2) to base 4.
-130
What is 267c (base 16) in base 10?
9852
Convert -100010110 (base 3) to base 9.
-10113
What is -10205 (base 6) in base 13?
-818
-b505 (base 16) to base 11
-318a9
What is 728 (base 16) in base 14?
94c
Convert -393 (base 11) to base 13.
-29a
What is 153 (base 12) in base 13?
12c
Convert -b2ad (base 15) to base 8.
-111552
What is 1010111110110111 (base 2) in base 13?
17623
What is 35130 (base 6) in base 5?
130042
What is 11627 (base 9) in base 7?
31513
-10101110 (base 2) to base 12
-126
Convert -103432 (base 5) to base 14.
-1465
What is 120301 (base 4) in base 14?
813
-393 (base 14) to base 16
-2cd
-25243 (base 6) to base 16
-ebb
-61270 (base 8) to base 4
-12022320
Convert 2312 (base 5) to base 14.
19a
What is 2341 (base 5) in base 14?
1aa
Convert -1786 (base 13) to base 12.
-202a
Convert -a068 (base 12) to base 7.
-101420
What is 1000111000110 (base 2) in base 15?
1535
-10000010010001 (base 2) to base 16
-2091
-413 (base 9) to base 3
-110110
4b (base 13) to base 15
43
-657 (base 13) to base 5
-13321
-3301321 (base 4) to base 5
-443411
-662 (base 9) to base 5
-4132
295 (base 10) to base 2
100100111
What is 187 (base 14) in base 16?
13b
Convert -7191 (base 11) to base 6.
-112054
10225 (base 6) to base 11
104a
11c4 (base 13) to base 14
cc6
Convert 4323 (base 7) to base 16.
600
What is 120120 (base 4) in base 5?
22220
What is -1332 (base 6) in base 3?
-110202
-111100 (base 4) to base 9
-1771
-1361 (base 15) to base 2
-1000000101101
Convert 102221210 (base 3) to base 10.
8715
-5c32 (base 13) to base 3
-122220111
What is 34a (base 11) in base 14?
21b
Convert 98a (base 12) to base 9.
1827
What is 6378 (base 13) in base 16?
35dc
What is -8e4 (base 16) in base 5?
-33101
12102 (base 3) to base 14
a6
What is 306 (base 11) in base 9?
450
Convert 43342 (base 6) to base 4.
1131032
What is 33041 (base 5) in base 15?
a16
10011111 (base 2) to base 11
135
What is 1974 (base 13) in base 8?
7345
-1010010000 (base 2) to base 6
-3012
305105 (base 6) to base 7
131165
-34572 (base 8) to base 13
-690b
Convert -2011012201 (base 3) to base 11.
-29979
What is 301221 (base 5) in base 9?
14103
Convert 278 (base 9) to base 4.
3221
11011121 (base 4) to base 7
114500
What is -10000011100000 (base 2) in base 12?
-4a54
Convert 24c (base 16) to base 7.
1500
-1270 (base 10) to base 9
-1661
Convert -200 (base 12) to base 8.
-440
What is 10111110101 (base 2) in base 16?
5f5
What is -b234 (base 15) in base 5?
-2200444
Convert -183a5 (base 14) to base 4.
-32322231
What is -9fb8 (base 16) in base 3?
-2002002101
What is 2103001 (base 5) in base 7?
203213
What is -2032 (base 9) in base 12?
-a3b
Convert 257 (base 8) to base 13.
106
Convert -8437 (base 9) to base 12.
-36ba
What is 26378 (base 11) in base 13?
14223
What is -203220 (base 4) in base 9?
-3113
Convert 333 (base 12) to base 5.
3341
What is -1132013 (base 5) in base 4?
-11012103
What is 8819 (base 14) in base 3?
1012021222
986 (base 10) to base 8
1732
-12499 (base 10) to base 12
-7297
-19a (base 14) to base 13
-1c7
8262 (base 10) to base 4
2001012
-8b18 (base 14) to base 6
-303414
Convert 203 (base 4) to base 8.
43
What is 100022 (base 4) in base 9?
1368
Convert 68ec (base 16) to base 10.
26860
What is 17730 (base 12) in base 9?
51420
Convert 424 (base 14) to base 11.
682
Convert 92b (base 13) to base 16.
616
1012011 (base 3) to base 8
1544
3011 (base 5) to base 6
1433
Convert 5324 (base 6) to base 16.
4b4
Convert 3487 (base 10) to base 7.
13111
What is -14660 (base 7) in base 8?
-10015
What is -152 (base 9) in base 8?
-200
Convert 1024 (base 16) to base 15.
1357
430000 (base 6) to base 11
24321
Convert -1100011101000 (base 2) to base 7.
-24406
Convert a3 (base 13) to base 8.
205
Convert 13d (base 16) to base 5.
2232
What is 2578 (base 15) in base 2?
1111100110100
102 (base 9) to base 7
146
What is 150 (base 13) in base 16?
ea
1224 (base 6) to base 4
10300
What is -5da (base 16) in base 9?
-2044
-20737 (base 9) to base 13
-6328
What is 7bdb (base 15) in base 6?
321442
-2321 (base 6) to base 13
-337
What is 423 (base 6) in base 8?
237
What is 2b70 (base 14) in base 15?
2462
296 (base 14) to base 10
524
-1002210 (base 3) to base 7
-2226
Convert -1431 (base 6) to base 11.
-315
58bb (base 13) to base 9
18118
Convert 410102 (base 5) to base 7.
53226
-24314 (base 5) to base 6
-12254
Convert 313023 (base 5) to base 16.
2894
Convert 822 (base 9) to base 6.
3032
-6a5 (base 16) to base 13
-a0b
53 (base 8) to base 7
61
What is 711 (base 10) in base 7?
2034
Convert -40041 (base 5) to base 3.
-10110101
1202101012 (base 3) to base 10
34538
What is 111101011 (base 2) in base 8?
753
What is -120211 (base 3) in base 13?
-26b
Convert -419d (base 14) to base 9.
-16457
-7240 (base 10) to base 2
-1110001001000
-142020 (base 6) to base 9
-20343
-3054 (base 9) to base 11
-1753
Convert 1076 (base 8) to base 6.
2354
-5169 (base 11) to base 12
-3b6b
Convert -4311220 (base 5) to base 14.
-1c6bb
41053 (base 7) to base 10
9985
What is 101110 (base 3) in base 8?
432
Convert -10111110222 (base 3) to base 12.
-33a38
210120121 (base 3) to base 10
15730
What is -1211244 (base 5) in base 7?
-123115
Convert -9049 (base 11) to base 4.
-2330000
What is -1010011000101 (base 2) in base 11?
-3aa4
What is 1202131 (base 4) in base 9?
8571
Convert -4370 (base 15) to base 2.
-11011111001000
What is 13323 (base 4) in base 7?
1323
Convert 26100 (base 7) to base 11.
5211
What is 65 (base 10) in base 4?
1001
What is a3 (base 15) in base 8?
231
What is 1a4a (base 15) in base 4?
1120333
759 (base 10) to base 4
23313
What is -54c (base 13) in base 4?
-32031
Convert -10010100110 (base 2) to base 16.
-4a6
Convert -a842 (base 12) to base 9.
-27315
-1722 (base 8) to base 3
-1100020
-1360 (base 8) to base 9
-1025
What is -1c59 (base 13) in base 2?
-1000011001011
-10011110011110 (base 2) to base 13
-4802
What is 1151 (base 11) in base 6?
10552
Convert -100010001001110 (base 2) to base 11.
-12157
Convert 10200321 (base 4) to base 14.
6a49
-2a2 (base 15) to base 7
-1520
What is 3003040 (base 5) in base 14?
13326
Convert 577a (base 14) to base 10.
15200
Convert 211102 (base 3) to base 16.
25d
Convert -242 (base 14